75.
5
Calculate the greatest common divisor of 1174616 and 580.
116
What is the highest common divisor of 1786224 and 470436?
2388
What is the greatest common divisor of 350 and 21469150?
50
What is the highest common factor of 24397 and 10231?
787
What is the greatest common divisor of 1131 and 1883724?
87
What is the highest common divisor of 5129 and 159459?
23
What is the greatest common divisor of 197294 and 37191?
23
Calculate the greatest common factor of 89012 and 73458.
154
What is the highest common divisor of 409839 and 34663?
2039
What is the highest common divisor of 273409070 and 110?
110
Calculate the greatest common divisor of 5012 and 1097986.
358
What is the highest common factor of 11873 and 37727?
31
Calculate the highest common divisor of 84791952 and 504.
504
Calculate the highest common factor of 59256848 and 560.
112
Calculate the greatest common factor of 13646321 and 13.
13
What is the highest common divisor of 843 and 15349063?
281
What is the greatest common factor of 17434414 and 138?
46
Calculate the highest common factor of 1497014967 and 21.
21
What is the greatest common divisor of 5860 and 132760?
20
Calculate the highest common divisor of 9403205 and 560.
35
What is the highest common divisor of 35 and 4052482?
7
What is the highest common divisor of 228 and 43661202?
114
What is the highest common factor of 1032141 and 286?
11
Calculate the greatest common divisor of 320665 and 730.
5
What is the highest common divisor of 1301250 and 30750?
750
Calculate the highest common divisor of 9 and 109028949.
3
Calculate the highest common divisor of 26918598 and 1092.
42
What is the greatest common factor of 1148362 and 2?
2
What is the highest common factor of 1443449 and 114?
19
What is the greatest common factor of 88410789 and 1341?
1341
What is the greatest common factor of 72 and 1535639376?
24
Calculate the greatest common factor of 1504742 and 430.
86
What is the highest common factor of 43915291 and 3327?
1109
What is the greatest common factor of 41888 and 6125812?
308
Calculate the highest common factor of 71940 and 4620.
660
Calculate the highest common divisor of 790751 and 65.
13
Calculate the highest common divisor of 445050 and 2300.
1150
What is the greatest common divisor of 35366156 and 140?
28
What is the greatest common factor of 194 and 864658?
194
What is the highest common divisor of 57752780 and 235760?
8420
Calculate the greatest common factor of 105768 and 316212.
156
What is the greatest common factor of 3896100 and 6825?
975
Calculate the highest common factor of 1498393 and 316.
79
What is the highest common divisor of 37730 and 500357?
11
Calculate the greatest common factor of 60500 and 590.
10
What is the greatest common factor of 55 and 248216210?
55
What is the highest common divisor of 602751 and 6786867?
1821
Calculate the greatest common divisor of 10046415 and 105.
15
What is the greatest common factor of 100136349 and 14544?
909
Calculate the greatest common factor of 1470221409 and 626.
313
What is the highest common divisor of 923250 and 300?
150
What is the greatest common divisor of 138 and 83013693?
69
What is the highest common factor of 11291104 and 16?
16
Calculate the highest common factor of 689628080 and 2336.
1168
What is the greatest common factor of 1830078 and 54?
18
What is the greatest common divisor of 360670 and 1?
1
Calculate the greatest common divisor of 359824725 and 234.
117
What is the greatest common divisor of 91295 and 12045050?
2945
Calculate the greatest common factor of 5080 and 145120.
40
What is the greatest common divisor of 271889 and 473?
43
Calculate the greatest common divisor of 174038 and 194158.
1006
Calculate the greatest common divisor of 4080 and 4342752.
816
What is the highest common divisor of 70750 and 2677180?
2830
What is the greatest common divisor of 1504800 and 32960?
160
What is the highest common divisor of 2656 and 12604048?
1328
What is the greatest common factor of 36130 and 83460?
10
Calculate the greatest common divisor of 42736176 and 11592.
504
Calculate the greatest common divisor of 133 and 52458411.
19
Calculate the highest common divisor of 4776 and 1807119.
597
What is the highest common divisor of 228 and 13080759?
57
Calculate the highest common divisor of 40784 and 3728.
16
Calculate the highest common factor of 1057444 and 92351.
167
What is the highest common factor of 1139604 and 108?
12
What is the greatest common factor of 4477 and 93059329?
407
What is the highest common factor of 123271 and 328409?
941
Calculate the greatest common divisor of 12654 and 1259406.
666
What is the greatest common factor of 676325193 and 6471?
2157
Calculate the highest common factor of 143302 and 20002.
274
Calculate the greatest common factor of 55 and 63200720.
55
What is the highest common divisor of 1052 and 360324?
4
Calculate the greatest common divisor of 808 and 61107626.
202
Calculate the greatest common factor of 4464 and 94256368.
496
What is the highest common factor of 36311562 and 77406?
4074
Calculate the highest common divisor of 1060 and 315244.
212
What is the greatest common divisor of 6632659 and 2155?
431
Calculate the highest common factor of 3519 and 1377693.
9
Calculate the highest common divisor of 154093 and 69791.
691
Calculate the greatest common divisor of 9250367 and 4172.
1043
Calculate the highest common divisor of 790598 and 20288.
634
Calculate the highest common factor of 437 and 2291168.
23
Calculate the greatest common divisor of 55979896 and 5364.
596
What is the highest common divisor of 7348617 and 513?
27
Calculate the highest common divisor of 189 and 27132597.
27
Calculate the greatest common divisor of 839792 and 349232.
1168
What is the highest common factor of 98344 and 1209160?
152
Calculate the highest common divisor of 612250 and 27650.
3950
Calculate the highest common divisor of 1623914 and 2.
2
What is the highest common divisor of 11509103 and 251?
251
Calculate the greatest common divisor of 6571179 and 1323.
27
What is the highest common divisor of 160372 and 844?
4
What is the greatest common divisor of 3541795 and 320?
5
What is the greatest common factor of 25624080 and 30?
30
Calculate the greatest common factor of 2425511482 and 3026.
3026
What is the greatest common divisor of 1784 and 69053288?
1784
Calculate the greatest common factor of 15148 and 7106576.
2164
Calculate the highest common divisor of 14804335 and 364.
91
What is the highest common factor of 389 and 1936884293?
389
What is the highest common divisor of 8484 and 123564?
84
What is the highest common factor of 13587244 and 836?
44
What is the greatest common divisor of 56027804 and 5964?
1988
Calculate the greatest common factor of 309807780 and 60.
60
What is the greatest common factor of 17671 and 13079557?
431
What is the highest common divisor of 3173 and 3439?
19
What is the greatest common factor of 928 and 1228928?
32
What is the greatest common divisor of 13246701 and 195?
39
What is the greatest common divisor of 187102 and 1666?
34
What is the highest common divisor of 2233360 and 2160?
80
What is the greatest common factor of 7961 and 984523?
19
What is the highest common factor of 1292646 and 3132?
174
What is the highest common divisor of 4173185 and 88560?
205
What is the greatest common factor of 4472523 and 726?
363
What is the greatest common factor of 4471 and 20825?
17
Calculate the greatest common factor of 1698 and 584809878.
1698
What is the highest common divisor of 626841 and 77361?
723
Calculate the greatest common factor of 56064 and 44413200.
3504
What is the highest common factor of 1227495 and 982945?
365
What is the highest common factor of 22539841 and 17?
17
Calculate the greatest common divisor of 449393 and 4332686.
1493
Calculate the greatest common factor of 4051483 and 1.
1
What is the highest common factor of 37 and 25469246?
37
What is the greatest common factor of 13 and 63866491?
13
What is the highest common divisor of 111 and 44939?
1
What is the greatest common factor of 3855 and 3402937?
257
Calculate the greatest common factor of 795185 and 1200973.
443
Calculate the highest common divisor of 31856877 and 4122.
2061
Calculate the highest common f